 - (4 - (-4 - 2)).
5
Calculate -58 - (-1 - (-48 - -51)).
-54
What is the value of 2 + 1 + 5 - (-2729 + 2745)?
-8
Evaluate 20 - (-4 + 9 - (4 - 7) - -28).
-16
What is (40 + -6 - -6) + 1 + 72?
113
What is -36 + -3 + -82 + -47 + 69?
-99
Calculate 22 + 23 - (-603 - -706).
-58
What is 1 - -6 - (-12 + -1) - -17?
37
What is the value of (27 - -11) + -18 + 26 + -11 + 0?
35
56 - (10 + (0 - (15 - 23)))
38
What is -19 - (12 - 7) - (-6 - ((-20 - -14) + -13))?
-37
What is the value of 56 - 40 - (-30 + 12 + 86)?
-52
What is 125 + -134 + (47 - 18)?
20
What is the value of -100 + 152 + 16 + 32?
100
31 - (13 - (-323 + 317 + (18 - 2 - 1)))
27
Evaluate (-11 - (-11 - -13)) + 17 + (9 - (1 - 0)).
12
Evaluate 64 - (-32 - (-24 - 56)).
16
What is 235 + 169 + -365 + (-1 - -50)?
88
-15 - 1 - (21 - (-6 + 38) - 61)
56
(-23 - 1) + (-8 - -1 - (-384 - -389)) + 23
-13
What is 29 + 40 - (39 + 46)?
-16
Evaluate 4 + (-83 + -9 + 28 - -12).
-48
(-2 - 5) + 8 + -5 + 9 + -12
-7
Calculate 18 - (-34 + 18) - 66.
-32
What is the value of -11 + (-151 - -170 - (66 + -2))?
-56
What is 31 + (21 - 44 - 35) - 33?
-60
Calculate -19 + 30 - -12 - 22 - -1.
2
What is the value of 106 + (-123 - -121) + -34?
70
What is -4 - (5 + -10 - -10) - (-150 - -162)?
-21
Evaluate (72 - 92) + (-91 - -83).
-28
-56 - -60 - -40 - 32
12
Calculate 21 + (-18 - -36 - 89) - (-8 + -2).
-40
Calculate -12 + -45 + 2 - (22 + -16 + -7 + -2).
-52
What is 13 + (-18 - (23 - 45))?
17
Calculate -13 + ((-2 - -1) + 5 - 1) - (42 - 27).
-25
3 + -15 + -5 + 10 + -18
-25
Calculate (-11 + 1 - -5 - (3 + (-4 - 7))) + 13.
16
Evaluate 87 + (10 - -1 - 5 - (-79 - -98)).
74
Evaluate 4 - -1 - (18 + -35 + 6 - 21).
37
Evaluate (-43 + 51 + 9 - (9 + 2)) + -36.
-30
What is the value of 118 + -102 + 69 - 20?
65
What is (761 - (-580 - -1348)) + (35 - 0 - -1) + 1?
30
What is 530 + -513 + (1 - -2)?
20
Calculate -26 + 1 - (-379 + 357).
-3
What is -9 - (-14 + 4) - (-72 + 32)?
41
What is (74 - (3 - -16)) + -28?
27
Calculate -595 + 636 + (4 - (17 - -2)).
26
-52 + 34 + (-3 - -13) - -42
34
(-34 - -45) + (-1 - -50) + -18 + 22 + -13
51
What is 0 - 2 - (-25 + 0 + 23)?
0
Calculate 16 - (17 + 7 + (-45 - 53)).
90
-50 - (-4 + (-7 - (15 - 18)))
-42
Calculate -18 - (-76 - -39) - 8.
11
Calculate (15 + 12 + -3 - 3) + -12 + -12 + 7.
4
Evaluate (5 - (5 - (-12 - -12)) - -11) + (44 - -12).
67
What is the value of 29 + 4 + ((-7 - (-13 - -7)) + 7 - -3)?
42
-10 - 0 - (-1579 + 1507 + 1 + -2 + 17)
46
Evaluate (77 - (-47 - -89)) + -58.
-23
Evaluate (-27 - -43) + (-28 - -13) - -20.
21
Calculate 43 + 13 + 22 + -91.
-13
Evaluate -6242 - -6297 - (-1 + 0 - 3).
59
Evaluate 5 + (-9 - 0) + -2 + 73 + -74 + 20.
13
Evaluate (-2 - -2) + (37 - -16) + -50 - 7.
-4
-13 + (59 - (-29 - -18 - (-5 + -15)))
37
What is 3 + 26 + -6 - 39 - -20?
4
Evaluate 3445 - 3378 - (80 - 1).
-12
Calculate 45 + -113 + 23 - -29 - (-67 + -4).
55
-6 + (1 - (4 - 14)) + -75 + (0 - 1)
-71
What is 167 + -203 - (-47 + 1)?
10
What is -55 - (36 - (47 + -3))?
-47
-32 + 62 - (14 - (4 - 85))
-65
What is the value of 19 + -17 + 16 + -7 - 34?
-23
Evaluate -18 + -10 + 1 + 17 - -2 - 55.
-63
What is the value of -51 + (-63 + -27 + -1 - -25)?
-117
What is (-2 + 0 + 0 - (40 + (12 - 114))) + 1?
61
What is 6 + ((38 - 19) + 17 + -4 - 0)?
38
What is 80 - (107 + 39 + -79)?
13
Calculate -1 - 57 - (-10 + -3 - (-19 + (-27 - -46))).
-45
What is -53 - (-34 + -10) - ((0 - 0) + -4)?
-5
What is 63 + (-26 - (22 + -31 - 4))?
50
What is 35 + (27 - 39 - 53)?
-30
Evaluate (0 - -28) + (-35 + -8 - -52).
37
What is the value of 15 + (-8 - ((13 - 24) + 10)) - 28 - 6?
-26
Evaluate -393 + 388 - (3 + 3 - -31).
-42
What is (10 + -4 + 67 - (-4 + 3)) + -6?
68
What is the value of (-66 - (145 + -114)) + 194?
97
What is -9 + -38 + 9 - (8 - 2)?
-44
What is 6 - 10 - -1 - (25 + 10 + -63)?
25
What is the value of -2 + (16 - (-1 + 5)) + 51 - (-4 - 1)?
66
(4 - 11) + (3 - -68) + (-41 - -37)
60
Evaluate -29 + 21 + 13 + (2 - 0).
7
(127 - 3) + -721 + 637
40
17 + -13 + (-263 - -229)
-30
What is -20 - (50 + -57 - (24 - 0))?
11
Evaluate (-29 - ((-34 - -53) + -79)) + -49.
-18
What is -17 + (29 - (-17 + 18)) + -11?
0
Evaluate (441 - 221) + 25 + -153.
92
Calculate 33 - ((-4 + (24 - 76) - -16) + 24).
49
What is 160 - (-32 - (51 - 202))?
41
What is (-10 - (-29 + (-23 - -21))) + (0 - -16)?
37
11 - (1 + 28 - (142 - 78))
46
(-88 - -79 - (-14 + 4 + 1)) + 10
10
What is the value of -123 + 156 + -20 + 1 - 1?
13
Evaluate 8 + -23 - (-1 + -23 - -22).
-13
What is the value of 2 + 4 + -2 + -12 + 2 + -24?
-30
What is (14 - 35 - -1 - -14) + -27 - -9?
-24
Calculate (-33 - -2) + 26 + -27 + -9 + 14.
-27
What is 1088 - 1145 - (-1 + -24)?
-32
What is the value of (-10 - 3 - -1) + (6 - 0 - (51 + -15))?
-42
(1 - -15) + (-33 - (-29 - 3)) + -10
5
Evaluate 97 + 1 + 10 + -115 + 76.
69
What is 63 - (-9 + (-22 - -48) - -5)?
41
Calculate 2 + (-3 - 0) - (-62 + 37 - -37).
-13
Calculate (16 + (-14 - 17) - -2) + 128 + -2 - 6.
107
Evaluate 95 + ((-5 - 5) + 19 - 15).
89
1 - (6 + -7 + 13 + (-6 - 4) - -36)
-37
Calculate -11 - 0 - (-73 + 64) - (-6 + (-12 - 11)).
27
What is the value of (1 + -3 - 19) + (-10 - 4) + 8?
-27
-14 - 8 - (614 + -516)
-120
What is 3 + (3 - (-51 + 28 - -15))?
14
What is the value of (38 - (49 - 14)) + -7?
-4
Evaluate (2 - 16) + -839 + 860 + -83.
-76
What is -38 + 44 - (-36 + 9)?
33
What is 13 + -11 + -97 + 22 + 10?
-63
What is 66 + -50 - (9 - 16)?
23
(-225 - -200) + 4 + (5 - 7)
-23
-6 + 40 + 23 + -66 + (-5 - 1)
-15
What is 22 - 1 - (-6 + 4 + -42 + 26)?
39
(-10 + -68 + 2 + -3 - -13) + (10 - 2)
-58
35 - (-23 + -2 + (26 - 8))
42
What is (-1554 - -1582) + 6 + 59?
93
113 - ((2 - 15) + (-158 - -160))
124
What is 77 - (-27 + 8 + 31 - (3 - (7 - 18)))?
79
What is -515 + 605 + -5 + -13?
72
Evaluate (-14 - -74) + -89 + 62.
33
What is 6 + (1 + 2 - -1) - (-25 + 27)?
8
What is -183 + 171 - ((20 - 28) + -8)?
4
Evaluate -15 + -1 - (11 - -113 - 94).
-46
What is 55 - (45 - -70) - (2 - -2)?
-64
What is the value of 22 + -15 + (-26 - (-30 + 16))?
-5
What is the value of 187 + -155 + -24 + -3 - ((2 - 2) + 54)?
-49
What is (32 - 58) + 2 + (-2 - -18)?
-8
What is (-64 - 204 - -252) + -46 + 2 + -4?
-64
Evaluate -17 + -8 + (20 - (5 + -7)).
-3
-23 + 8 + 62 - 18
29
Evaluate (82 - 83) + (2 - -3) + 3 + (-23 - 6).
-22
What is the value of (10 + 32 + -37 - (0 + 8)) + (0 - 57)?
-60
Calculate -1 + -3 - (-77 + 26) - (249 - 273).
71
Evaluate -3 + (-16 - 21) + (-11 - (-2 + 1) - -4).
-46
(-6 - 1) + -89 + ((0 - -9) + -8 - 1)
-96
32 - (3 + 43 - 15)
1
What is (11 - ((-22 - -9) + -5 + 3)) + 7 - 0?
33
Calculate -2 + 5 + (-147 - -144) + -36 + 1.
-35
Evaluate 0 + -10 - (-126 - (-55 - 22)).
39
Evaluate ((-4 - (-9 - -3)) + (2 - 2) - 0) + -45.
-43
Calculate -72 + (42 + -50 - -39).
-41
What is the value of -135 - (-43 + -63) - 16?
-45
What is the value of 3 + -1 + (-4 - 8) - (422 + -440)?
8
Calculate -5 + -4 - -55 - (54 + 17 + -53).
28
Calculate -12 + (-2 - (32 - 60)) + (3 - -1).
18
(-7 - (7 - 9) - (11 - 11 - -4)) + -84
-93
Evaluate (-18 - (-24 + -1)) + 14 - 22.
-1
What is the value of -84 + (-7 - 45 - -102)?
-34
What is the value of -2 - (-12 + 9) - (-12 - (-28 - 3))?
-18
Calculate 51 + -29 + 64 - 32.
54
What is -79 - (-232 - -136) - (-77 + 0)?
94
10 - (-2 + 18 + -13 - -2) - 26
-21
161 + (-109 - (-80 - -56))
76
What is the value of -196 + 163 + (14 - 1)?
-20
What is -1 + -4 + (-189 - -184) + 28 + 0?
18
Calculate -51 + 122 + -145 + 118.
44
Calculate 60 - (99 + -126 + 54).
33
What is (108 + -2 - -3) + (-568 - -566) + 5?
112
Calculate 64 + (-14 - (-17 - (11 - -10))).
88
Evaluate -85 - 19 - (14 - (17 - -19) - -13).
-95
What is 12 + (-12 - (14 + -19)) - (2 - -32)?
-29
Evaluate -94 - 88 - (-82 + -7).
-93
What is 3621 + -3629 - ((0 - 1) + 0)?
-7
What is -7 + -12 - (5 + -2 + -8)?
-14
-146 + (84 - -42) + 89
69
Evaluate 22 + -44 + 14 + 31 + -11.
12
Evaluate (-200 - -131 - -91) + 40.
62
Calculate (-6 + -35 + 22 - -19) + -25.
-25
Calculate -17 - (34 - 22 - 67).
38
What is the value of 11 + 31 + 27 + -9?
60
Calculate 1 + -21 + (22 - (-15 - 1)).
18
Evaluate -2 + 2 + -1 + 0 + -171 + 282 + -184.
-74
What is 73 - (18 - 8) - -3 - ((16 - 18) + -12)?
80
What is 1 + -6 - (92 + -98) - (-239 + 184)?
56
Calculate -99 - (-36 - (-91 - -59)).
-95
-81 + 41 + 7 + -4 + 2 - (4 + 2)
-41
What is -128 - -62 - (-11 - -6)?
-61
(35 + (8 - 18) - 11) + (4 - -9)
27
Calculate -2 +